hat is the hundreds digit of 539723275?
2
What is the hundred millions digit of 267251530?
2
What is the hundreds digit of 152204578?
5
What is the millions digit of 7398545044?
8
What is the units digit of 650065446?
6
What is the units digit of 1430486011?
1
What is the units digit of 5860685880?
0
What is the hundred thousands digit of 26488699?
4
What is the thousands digit of 272007289?
7
What is the hundred thousands digit of 1259222220?
2
What is the ten thousands digit of 2222310118?
1
What is the thousands digit of 1822844281?
4
What is the millions digit of 4344351?
4
What is the ten millions digit of 60208811?
6
What is the units digit of 5695419970?
0
What is the millions digit of 1813260633?
3
What is the billions digit of 1795524151?
1
What is the millions digit of 5918652?
5
What is the hundred thousands digit of 28805157?
8
What is the ten thousands digit of 30595367?
9
What is the hundred thousands digit of 60599922?
5
What is the thousands digit of 1017578846?
8
What is the units digit of 3120541774?
4
What is the thousands digit of 54851068?
1
What is the units digit of 943100075?
5
What is the tens digit of 8868592?
9
What is the millions digit of 99706389?
9
What is the ten millions digit of 57542706?
5
What is the millions digit of 50808101?
0
What is the units digit of 276213634?
4
What is the millions digit of 1995098703?
5
What is the thousands digit of 42971181?
1
What is the tens digit of 248898071?
7
What is the ten millions digit of 39164127?
3
What is the millions digit of 4186900356?
6
What is the ten thousands digit of 117442137?
4
What is the hundred thousands digit of 287796195?
7
What is the ten thousands digit of 127258483?
5
What is the millions digit of 141220616?
1
What is the ten thousands digit of 37591898?
9
What is the hundred thousands digit of 1203171342?
1
What is the tens digit of 277151538?
3
What is the millions digit of 143400981?
3
What is the thousands digit of 145966734?
6
What is the hundred thousands digit of 52368834?
3
What is the tens digit of 52397319?
1
What is the tens digit of 946111681?
8
What is the units digit of 1657269427?
7
What is the ten thousands digit of 121485761?
8
What is the hundred thousands digit of 1605431788?
4
What is the ten thousands digit of 756477095?
7
What is the thousands digit of 92079859?
9
What is the millions digit of 3766455806?
6
What is the thousands digit of 30987565?
7
What is the units digit of 14830126?
6
What is the hundreds digit of 58055121?
1
What is the tens digit of 4474221154?
5
What is the hundred thousands digit of 88295761?
2
What is the hundreds digit of 332940598?
5
What is the units digit of 1630983561?
1
What is the billions digit of 8725920676?
8
What is the millions digit of 5536105607?
6
What is the ten millions digit of 313542413?
1
What is the billions digit of 3138711004?
3
What is the hundred thousands digit of 7596539131?
5
What is the ten thousands digit of 158368990?
6
What is the tens digit of 11683295?
9
What is the tens digit of 145358079?
7
What is the tens digit of 139353644?
4
What is the hundred millions digit of 8061986757?
0
What is the units digit of 58968006?
6
What is the hundreds digit of 720376269?
2
What is the ten millions digit of 25382448?
2
What is the ten thousands digit of 602258444?
5
What is the hundreds digit of 86704172?
1
What is the hundreds digit of 373651910?
9
What is the ten millions digit of 29181242?
2
What is the millions digit of 20637569?
0
What is the tens digit of 4935393?
9
What is the hundred thousands digit of 9769503?
7
What is the ten thousands digit of 1065311420?
1
What is the units digit of 66183189?
9
What is the thousands digit of 534319188?
9
What is the ten thousands digit of 7216590523?
9
What is the ten thousands digit of 3168066233?
6
What is the thousands digit of 1028668053?
8
What is the hundreds digit of 38567560?
5
What is the hundred thousands digit of 4080105?
0
What is the thousands digit of 2921981173?
1
What is the thousands digit of 948786302?
6
What is the tens digit of 45544375?
7
What is the ten millions digit of 883691941?
8
What is the thousands digit of 300749446?
9
What is the thousands digit of 88454946?
4
What is the tens digit of 19388460?
6
What is the tens digit of 41646803?
0
What is the units digit of 92164227?
7
What is the units digit of 152651884?
4
What is the billions digit of 2723194371?
2
What is the hundred thousands digit of 28343615?
3
What is the units digit of 18357506?
6
What is the thousands digit of 1769947033?
7
What is the hundreds digit of 70714058?
0
What is the hundred thousands digit of 136881738?
8
What is the hundred thousands digit of 23095187?
0
What is the hundred thousands digit of 49182257?
1
What is the millions digit of 2150324386?
0
What is the hundreds digit of 547501488?
4
What is the hundred thousands digit of 48414743?
4
What is the thousands digit of 29451467?
1
What is the billions digit of 3281058143?
3
What is the units digit of 4887439871?
1
What is the hundreds digit of 402531729?
7
What is the units digit of 263689391?
1
What is the units digit of 144468035?
5
What is the units digit of 3965536032?
2
What is the hundred thousands digit of 166567656?
5
What is the hundreds digit of 303794626?
6
What is the millions digit of 20008860?
0
What is the hundred millions digit of 117308994?
1
What is the hundreds digit of 1956273731?
7
What is the tens digit of 85967279?
7
What is the thousands digit of 1478377962?
7
What is the hundred thousands digit of 2866342953?
3
What is the units digit of 38466292?
2
What is the ten thousands digit of 175914338?
1
What is the billions digit of 1825655487?
1
What is the thousands digit of 228789649?
9
What is the thousands digit of 967858581?
8
What is the hundred thousands digit of 227138896?
1
What is the hundred millions digit of 832578994?
8
What is the thousands digit of 266607179?
7
What is the ten thousands digit of 1527505319?
0
What is the tens digit of 535184969?
6
What is the units digit of 4680073595?
5
What is the hundred thousands digit of 71858609?
8
What is the thousands digit of 356317037?
7
What is the units digit of 2722470351?
1
What is the ten thousands digit of 70907988?
0
What is the hundred millions digit of 220688331?
2
What is the ten thousands digit of 1947012043?
1
What is the ten millions digit of 29412690?
2
What is the millions digit of 147854739?
7
What is the millions digit of 58035313?
8
What is the millions digit of 75000011?
5
What is the ten thousands digit of 55855788?
5
What is the ten thousands digit of 3484298?
8
What is the ten thousands digit of 8586615?
8
What is the hundreds digit of 581646541?
5
What is the units digit of 360154372?
2
What is the units digit of 382004068?
8
What is the hundred thousands digit of 4648311848?
3
What is the millions digit of 25315324?
5
What is the hundred thousands digit of 35449956?
4
What is the tens digit of 23334303?
0
What is the units digit of 345896693?
3
What is the ten millions digit of 75221535?
7
What is the hundreds digit of 282662333?
3
What is the hundred millions digit of 1998187907?
9
What is the hundreds digit of 30817870?
8
What is the thousands digit of 1094660361?
0
What is the tens digit of 62724492?
9
What is the units digit of 145483984?
4
What is the ten thousands digit of 168103447?
0
What is the ten thousands digit of 94846948?
4
What is the millions digit of 8315658?
8
What is the millions digit of 168001290?
8
What is the tens digit of 215127024?
2
What is the millions digit of 112601139?
2
What is the hundred millions digit of 220965626?
2
What is the units digit of 3037725675?
5
What is the units digit of 219973632?
2
What is the millions digit of 503867939?
3
What is the thousands digit of 275403391?
3
What is the units digit of 242315885?
5
What is the units digit of 61522838?
8
What is the hundred millions digit of 962718498?
9
What is the thousands digit of 49711819?
1
What is the hundred millions digit of 820073799?
8
What is the tens digit of 121783719?
1
What is the ten thousands digit of 15328456?
2
What is the ten millions digit of 399253722?
9
What is the tens digit of 22211436?
3
What is the hundred thousands digit of 9386285549?
2
What is the thousand